ded by o?
2
Suppose 2*z - 4*z = 6, 2*f + 4*z = 142. Calculate the remainder when f is divided by 16.
13
Let s be -1 - (3/(-1) + 0). Suppose -2*n - 13 + 5 = -s*k, 4*k - 2 = -3*n. What is the remainder when 4 is divided by k?
0
Let o = 38 - 14. Suppose -18*r - 203 + 1877 = 0. Calculate the remainder when r is divided by o.
21
Let m be 1/(-3*1/(-6)). Suppose u + m*u = 24. What is the remainder when 14 is divided by u?
6
Suppose 14*x - 440 = 78. Calculate the remainder when 295 is divided by x.
36
What is the remainder when 177 is divided by (84/9 - -6)*(3 + 0)?
39
Let z(i) = -37*i**3 - i - 1. Let q(d) = d + 1. Suppose -2*s + 0*s = 4. Let x be q(s). What is the remainder when z(x) is divided by 19?
18
Suppose 2*h = 2*i + h - 36, h - 60 = -4*i. What is the remainder when i is divided by 9?
7
Let t(r) = -12*r - 2 + 3 - 7*r. Calculate the remainder when 38 is divided by t(-1).
18
Calculate the remainder when 91/2 - ((-28)/(-8) + -4) is divided by 17.
12
Suppose 2*v - 71 = 11. Suppose 3 = x + 24. Let y = x - -35. Calculate the remainder when v is divided by y.
13
Let n(w) = w**3 + 6*w**2 - 6*w - 6. Let f be n(-6). Let d(q) = -q**2 + 4*q + 1. Let a be d(5). What is the remainder when a/(-3)*f/4 is divided by 4?
2
Let y be 34 - 0/(2/2). Suppose 2*g - 4*d = y, 19 = -3*g + 4*g - 4*d. Calculate the remainder when 57 is divided by g.
12
Let j(l) = -l + 17. Calculate the remainder when 19 is divided by j(7).
9
Let j(f) = f**3 - 10*f**2 - 12*f + 16. Let h be j(11). Let k(m) = m + 12. Calculate the remainder when 48 is divided by k(h).
14
Suppose -24 = -3*v - v. Suppose -5*c + 8 = 2*r - c, 5*c = -5*r + 15. What is the remainder when r is divided by 1/v + 15/18?
0
Let g be 6/(-4)*(-20)/15. Suppose -5*v = -7*d + 4*d + 94, -5*d = -g*v - 163. Calculate the remainder when d is divided by 17.
16
Let s(p) = 0 + 2 + 8*p - 1 + 2*p. Calculate the remainder when 32 is divided by s(1).
10
Let s(b) be the third derivative of 0*b + 1/3*b**3 + 1/6*b**4 + 2*b**2 + 0. Calculate the remainder when 18 is divided by s(2).
8
Suppose 0 = 3*x - x - 4. Suppose 4*h - 68 = 4*f, 26 = 4*h - x*f - 46. Calculate the remainder when h is divided by 10.
9
Suppose 212 = -2*l + 6*l. Calculate the remainder when l is divided by 11.
9
Let j(t) = -t**2 - 5*t + 7. Let x(f) = 2*f**2 + 6*f - 6. Let o(v) = 3*j(v) + 2*x(v). Calculate the remainder when o(7) is divided by 13.
11
Let d(f) = -f**3 - 2*f**2 - 4. What is the remainder when d(-4) is divided by 6?
4
Let b(w) = -w**2 - 8*w + 6. Let s be b(-8). Suppose s*r - 20 = 2*r. Calculate the remainder when 9 is divided by r.
4
Let p(q) = q**3 - 8*q**2 + 6*q - 12. Suppose 0*m = 4*d - 3*m - 27, -4*d - 8 = 4*m. Suppose -d*c = -15 - 9. Calculate the remainder when p(c) is divided by 19.
17
Let x(v) = v**2 + v + 7. Let m = -5 - -7. Suppose 7*u = m*u. Calculate the remainder when 13 is divided by x(u).
6
Let p be (0 + -1 - -2) + 0. Let n = 1 - p. Suppose 58 = -n*u + 2*u. Calculate the remainder when u is divided by 10.
9
Let v(y) = -y - 9. Let d be v(-9). Let n(u) = d + u - 4 - 3*u. Calculate the remainder when 14 is divided by n(-6).
6
Let r be -3 - 3*(-39 - 2). Suppose n = -2*a - 4*n + 140, -5*n - r = -2*a. What is the remainder when a is divided by 17?
14
Suppose 0 = 4*x + 26 - 10. Let h = 5 - x. Calculate the remainder when h is divided by 6 + 0 + (-1 - 0).
4
Calculate the remainder when (2/3)/(7/504) is divided by 25.
23
Let b = -56 + 67. What is the remainder when 19 is divided by b?
8
Let w(i) = -4*i + 9*i**2 + 0 - 12 + 2 - i**3 - 2*i. Calculate the remainder when 15 is divided by w(8).
3
Suppose -r + 24 = -2*z - 5*r, -9 = -3*z + 3*r. Let h = z + 3. What is the remainder when h + (-1)/(3/(-9)) is divided by 3?
1
Suppose -1 + 0 = -j. Let f be 3/(-9)*j*6. Calculate the remainder when 8 is divided by (-38)/(-8) + f/(-8).
3
Let b(f) = f**2 - 13*f - 32. Let j(h) = h**2 + 2*h - 1. What is the remainder when j(-9) is divided by b(16)?
14
Let g = -3 + 2. Let k = 7 + g. Suppose -33 = -k*n + 3*n. What is the remainder when 20 is divided by n?
9
Suppose -p - 7 = -4*u + 3*u, -5*p - 29 = -3*u. Let w = 6 - p. What is the remainder when 29 is divided by w?
9
Suppose 3*m - 399 = 4*q, 2*q - 4*q = -3*m + 393. Calculate the remainder when m is divided by 44.
41
Let o(a) = -a**3 + 10*a**2 - 7*a - 9. Let x be o(9). Suppose 0 = j - 0*j - x. Let d = j + -3. Calculate the remainder when 17 is divided by d.
5
Suppose -r - 63 = -4*c, c + 3*c - 60 = 4*r. Calculate the remainder when 60 is divided by c.
12
Suppose 6*i = 2*i. Suppose -4*g = -2*b - 5 - 3, 5*b = i. Suppose 4*n - 2*t + 2 = 0, -5*n - t + 15 = -0*t. Calculate the remainder when g is divided by n.
0
Let z = -41 - -44. Calculate the remainder when 7 is divided by z.
1
Suppose 2*f = 58 + 20. Calculate the remainder when 115 is divided by f.
37
Suppose -5*x = -65 + 20. Suppose x = 3*b - 15. What is the remainder when b is divided by 3?
2
Let a = 942 + -657. Suppose 21 + a = 6*z. Calculate the remainder when z is divided by 14.
9
Suppose -3*t + 3*i = -3, 3*t + 0*i = -2*i - 17. Calculate the remainder when 39 is divided by t - 2*(-51)/6.
11
Let a(h) = h**3 + 2*h**2 - 4*h + 4. Let q be ((-4)/4)/((-2)/6). Suppose q*b = 42 + 15. Calculate the remainder when a(3) is divided by b.
18
Let r = 3 - -7. Let u = r + -1. Calculate the remainder when (0 + -17)*(-1 - 0) is divided by u.
8
Let c = 87 + 148. Suppose -2*r + c = 3*r. Suppose 3*v - b - 9 - 44 = 0, 2*b = -3*v + r. What is the remainder when 49 is divided by v?
15
Let c(a) = -a**2 - 6*a - 7. Let j be c(-5). What is the remainder when (3/9)/(j/(-156)) is divided by (14/5)/(1/5)?
12
What is the remainder when 20 is divided by (-8 - -2)/(-18)*15?
0
Let i(c) = 3*c**2 - 2*c - 1. Let h be i(2). Let t = 9 - h. Suppose 2*r + 8 = 4*r. Calculate the remainder when r is divided by t.
0
Suppose 33 + 37 = 2*s. Let p(y) = 2*y**3 - 4*y**2 + y - 3. What is the remainder when s is divided by p(3)?
17
Suppose -6 = 3*k - 24. What is the remainder when 9 is divided by k?
3
Let a be 0/(-2) - (-1 - 0). Let d be a/(-2)*2*-1. Let u(s) = 3*s**3 + 2*s - 1. What is the remainder when u(d) is divided by 3?
1
What is the remainder when 51 is divided by (-2)/(-1) + (-25)/(-1)?
24
Suppose t - 4*t = -4*b + 10, 5*t - 5*b + 15 = 0. Calculate the remainder when t/(4/(-6)) - 1 is divided by 1.
0
Let p(a) = -7*a**2 - 4. Let v be p(3). Let n = v + 21. Let r = -31 - n. Calculate the remainder when 28 is divided by r.
13
Suppose -3*t = 2*b - 16, -20 = -b - b - 5*t. What is the remainder when 20 is divided by b?
0
Suppose -14 + 4 = -2*p - 4*l, -p + 6 = 3*l. Let u be (3/p + 2)*1. Suppose 4*f - 11 = -3*w, -u*f - 2 - 10 = 0. Calculate the remainder when 26 is divided by w.
8
Let n be (-12 - -24)/(-2 - -4). Let u = 4 + 9. Calculate the remainder when (29 - 4)/(3/n) is divided by u.
11
Let v = 16 + -2. Suppose m - 4*u = 24, u = -4*m + 196 - 32. Calculate the remainder when m is divided by v.
12
Let d(k) = -k + 34. Let l(p) = 0*p - 2 + p**2 + 0*p**2 + 0*p + p. Calculate the remainder when d(0) is divided by l(4).
16
Let v = 10 + -7. Let r = 10 - 1. Calculate the remainder when r is divided by v.
0
Let q(p) = 3*p**2 - 3*p. Let f(h) = 3*h - 4. Let v be f(3). Let t(r) = r**2 - 2*r - 5. What is the remainder when t(v) is divided by q(2)?
4
Suppose a + 3*y = 0, -y = 3*a - 5*a + 21. Suppose 6*s = 4*s + 48. Calculate the remainder when s is divided by a.
6
Let v(o) = o**3 - 9*o**2 + 4*o - 1. Let u be (-38)/(-4) - (-1)/(-2). Calculate the remainder when v(u) is divided by 9.
8
Suppose 4*p - 66 = 78. Let v = 80 - p. What is the remainder when v is divided by 23?
21
Let s = -8 - -13. Calculate the remainder when 22 is divided by s.
2
Suppose 16 = q - 1. Let i be (-1)/(-4) - 2/8. Suppose i = -2*k - 2*k + 24. What is the remainder when q is divided by k?
5
Let z = 12 + -18. Suppose c = 5*w + 3 + 3, -4*w - 30 = -5*c. Calculate the remainder when (60 - c)*(-4)/z is divided by 13.
10
Calculate the remainder when (-2)/4*(-76 + 0) is divided by 11.
5
Let z(g) = 2*g**2 + 1. Calculate the remainder when 3 is divided by z(-1).
0
Suppose -m + 0*m = -6. Let p = m - 3. Suppose -3*j = 4*f - 23 - 12, -2*f + 31 = p*j. What is the remainder when 34 is divided by j?
7
Suppose 3*c + 26 = 4*r, -3*r + 3 + 2 = 5*c. Let t be 1 + -2 - (-36)/(-3). What i